is the remainder when 6877 is divided by 193?
122
Calculate the remainder when 544757 is divided by 5.
2
What is the remainder when 8559 is divided by 2138?
7
What is the remainder when 109472 is divided by 36?
32
What is the remainder when 893 is divided by 213?
41
Calculate the remainder when 69220 is divided by 6.
4
Calculate the remainder when 704 is divided by 222.
38
Calculate the remainder when 94975 is divided by 4.
3
Calculate the remainder when 397209 is divided by 16.
9
What is the remainder when 76750 is divided by 33?
25
What is the remainder when 12001 is divided by 239?
51
What is the remainder when 3584 is divided by 1778?
28
What is the remainder when 810 is divided by 557?
253
What is the remainder when 225830 is divided by 787?
748
What is the remainder when 10944 is divided by 2181?
39
What is the remainder when 4328 is divided by 581?
261
Calculate the remainder when 152514 is divided by 437.
1
Calculate the remainder when 82874 is divided by 25.
24
What is the remainder when 10740 is divided by 17?
13
Calculate the remainder when 10013 is divided by 996.
53
Calculate the remainder when 87533 is divided by 87531.
2
What is the remainder when 41550 is divided by 29?
22
What is the remainder when 930 is divided by 315?
300
What is the remainder when 13585 is divided by 4473?
166
Calculate the remainder when 8494 is divided by 13.
5
Calculate the remainder when 22319 is divided by 248.
247
What is the remainder when 255 is divided by 6?
3
What is the remainder when 3152 is divided by 96?
80
What is the remainder when 14023 is divided by 8?
7
Calculate the remainder when 603680 is divided by 246.
242
Calculate the remainder when 462228 is divided by 246.
240
What is the remainder when 6827 is divided by 27?
23
What is the remainder when 50857 is divided by 25422?
13
What is the remainder when 13370 is divided by 360?
50
What is the remainder when 1231109 is divided by 30?
29
What is the remainder when 480 is divided by 89?
35
What is the remainder when 108071 is divided by 16?
7
Calculate the remainder when 11246 is divided by 1122.
26
Calculate the remainder when 2820 is divided by 165.
15
What is the remainder when 370425 is divided by 21789?
12
Calculate the remainder when 3815 is divided by 242.
185
What is the remainder when 18049 is divided by 25?
24
What is the remainder when 109151 is divided by 3?
2
What is the remainder when 8484 is divided by 17?
1
What is the remainder when 111298 is divided by 15895?
33
What is the remainder when 379 is divided by 32?
27
What is the remainder when 25653 is divided by 401?
390
Calculate the remainder when 243558 is divided by 778.
44
What is the remainder when 75610 is divided by 86?
16
What is the remainder when 15019 is divided by 14991?
28
What is the remainder when 5955 is divided by 137?
64
Calculate the remainder when 70538 is divided by 14098.
48
What is the remainder when 431675 is divided by 16?
11
Calculate the remainder when 1522 is divided by 24.
10
Calculate the remainder when 464572 is divided by 66.
64
What is the remainder when 12879 is divided by 615?
579
Calculate the remainder when 3538 is divided by 185.
23
Calculate the remainder when 437880 is divided by 87574.
10
What is the remainder when 21271 is divided by 108?
103
Calculate the remainder when 319625 is divided by 162.
161
Calculate the remainder when 344283 is divided by 3.
0
What is the remainder when 1106 is divided by 156?
14
Calculate the remainder when 648335 is divided by 12.
11
Calculate the remainder when 536 is divided by 151.
83
Calculate the remainder when 7184771 is divided by 196.
195
What is the remainder when 460 is divided by 65?
5
What is the remainder when 4592 is divided by 431?
282
What is the remainder when 3229 is divided by 576?
349
Calculate the remainder when 56082 is divided by 3735.
57
What is the remainder when 20986 is divided by 10484?
18
What is the remainder when 2981 is divided by 355?
141
What is the remainder when 70908 is divided by 638?
90
What is the remainder when 138529 is divided by 35?
34
Calculate the remainder when 48113 is divided by 1336.
17
Calculate the remainder when 589045 is divided by 36.
13
Calculate the remainder when 205 is divided by 73.
59
What is the remainder when 113039 is divided by 9419?
11
Calculate the remainder when 69812 is divided by 24.
20
Calculate the remainder when 17573 is divided by 40.
13
What is the remainder when 58062 is divided by 3051?
93
Calculate the remainder when 5218 is divided by 924.
598
Calculate the remainder when 13749 is divided by 344.
333
What is the remainder when 26778 is divided by 1029?
24
Calculate the remainder when 18610 is divided by 86.
34
What is the remainder when 53593 is divided by 217?
211
What is the remainder when 6784 is divided by 3386?
12
What is the remainder when 3533 is divided by 573?
95
Calculate the remainder when 28688 is divided by 270.
68
Calculate the remainder when 68952 is divided by 305.
22
What is the remainder when 21509 is divided by 2150?
9
Calculate the remainder when 3544 is divided by 161.
2
What is the remainder when 2677 is divided by 758?
403
What is the remainder when 4791 is divided by 4425?
366
Calculate the remainder when 74537 is divided by 37268.
1
Calculate the remainder when 139895 is divided by 46560.
215
Calculate the remainder when 50476 is divided by 471.
79
Calculate the remainder when 5886 is divided by 98.
6
What is the remainder when 4609 is divided by 625?
234
What is the remainder when 13084 is divided by 12957?
127
Calculate the remainder when 4641 is divided by 150.
141
What is the remainder when 129776 is divided by 84?
80
What is the remainder when 10634 is divided by 8?
2
What is the remainder when 84635 is divided by 666?
53
What is the remainder when 291761 is divided by 11?
8
What is the remainder when 19028 is divided by 6342?
2
What is the remainder when 213079 is divided by 520?
399
Calculate the remainder when 66023 is divided by 62.
55
Calculate the remainder when 65723 is divided by 13136.
43
Calculate the remainder when 218108 is divided by 170.
168
Calculate the remainder when 584637 is divided by 96.
93
Calculate the remainder when 902 is divided by 89.
12
Calculate the remainder when 4952 is divided by 1199.
156
What is the remainder when 12851 is divided by 378?
377
What is the remainder when 6685 is divided by 513?
16
Calculate the remainder when 9750 is divided by 696.
6
Calculate the remainder when 7935 is divided by 3182.
1571
What is the remainder when 7843 is divided by 97?
83
Calculate the remainder when 5592 is divided by 632.
536
Calculate the remainder when 5383 is divided by 33.
4
Calculate the remainder when 540909 is divided by 1069.
1064
Calculate the remainder when 174523 is divided by 354.
1
Calculate the remainder when 69763 is divided by 705.
673
What is the remainder when 30720 is divided by 839?
516
Calculate the remainder when 1604 is divided by 2.
0
What is the remainder when 401542 is divided by 104?
102
What is the remainder when 862 is divided by 38?
26
Calculate the remainder when 10378 is divided by 5176.
26
Calculate the remainder when 904 is divided by 233.
205
Calculate the remainder when 1405 is divided by 386.
247
What is the remainder when 13503 is divided by 500?
3
Calculate the remainder when 13726 is divided by 1372.
6
What is the remainder when 136 is divided by 96?
40
What is the remainder when 94223 is divided by 18829?
78
What is the remainder when 47732 is divided by 370?
2
What is the remainder when 313780 is divided by 29?
0
Calculate the remainder when 16903 is divided by 19.
12
Calculate the remainder when 99110 is divided by 13.
11
Calculate the remainder when 33826 is divided by 995.
991
Calculate the remainder when 12797 is divided by 64.
61
Calculate the remainder when 587409 is divided by 1332.
1329
Calculate the remainder when 13427 is divided by 1220.
7
What is the remainder when 4736 is divided by 135?
11
What is the remainder when 46075 is divided by 1151?
35
Calculate the remainder when 1773 is divided by 111.
108
Calculate the remainder when 12697 is divided by 104.
9
Calculate the remainder when 756419 is divided by 79.
73
What is the remainder when 125553 is divided by 1350?
